 3527
What are the prime factors of 31726451?
389, 81559
What are the prime factors of 2280416522?
2, 157, 7262473
List the prime factors of 504240293.
23, 2221, 9871
List the prime factors of 46244623.
1327, 34849
List the prime factors of 23810481.
3, 587, 4507
What are the prime factors of 283610018?
2, 421, 336829
What are the prime factors of 1061484054?
2, 3, 2999, 58991
What are the prime factors of 1656780354?
2, 3, 19, 4844387
List the prime factors of 29530612.
2, 7382653
What are the prime factors of 916699481?
31, 853, 34667
What are the prime factors of 56912184?
2, 3, 7, 112921
What are the prime factors of 11036294?
2, 43, 181, 709
What are the prime factors of 16024172?
2, 307, 13049
What are the prime factors of 649807195?
5, 47, 181, 15277
What are the prime factors of 33743228?
2, 73, 1583
List the prime factors of 185072190.
2, 3, 5, 109, 56597
What are the prime factors of 298272550?
2, 5, 103, 57917
List the prime factors of 1251949031.
1251949031
What are the prime factors of 252831806?
2, 126415903
List the prime factors of 2036638450.
2, 5, 7, 11, 75571
What are the prime factors of 28430956?
2, 71, 100109
List the prime factors of 13707449.
7, 107, 18301
List the prime factors of 283668903.
3, 7, 101, 109, 409
List the prime factors of 98374897.
37, 271, 9811
What are the prime factors of 4903485?
3, 5, 23, 61, 233
What are the prime factors of 118612201?
5303, 22367
List the prime factors of 3476718976.
2, 67, 405401
What are the prime factors of 7544391156?
2, 3, 209566421
List the prime factors of 1031073556.
2, 79, 3262891
What are the prime factors of 6408601?
53, 120917
List the prime factors of 137264715.
3, 5, 7, 17, 25633
What are the prime factors of 249581147?
1999, 124853
What are the prime factors of 27768398?
2, 7, 41, 6911
List the prime factors of 4680996706.
2, 97, 24128849
List the prime factors of 710538930.
2, 3, 5, 73, 83, 1303
List the prime factors of 2100344623.
13, 107, 1509953
List the prime factors of 57885914.
2, 29, 97, 10289
List the prime factors of 133907368.
2, 7, 17, 140659
What are the prime factors of 154489054?
2, 1861, 41507
What are the prime factors of 465334246?
2, 13, 4021, 4451
List the prime factors of 76489894.
2, 13, 1283, 2293
List the prime factors of 44866595.
5, 317, 28307
List the prime factors of 315666275.
5, 12626651
List the prime factors of 243501732.
2, 3, 59, 114643
What are the prime factors of 112938454?
2, 251, 224977
List the prime factors of 702695631.
3, 11, 31, 686897
List the prime factors of 1725863448.
2, 3, 8353, 8609
List the prime factors of 338155506.
2, 3, 13, 37, 47, 277
List the prime factors of 3370936749.
3, 17, 3888047
List the prime factors of 482259877.
11, 43841807
List the prime factors of 373236126.
2, 3, 2131, 29191
List the prime factors of 77035611.
3, 1013, 25349
List the prime factors of 1334778693.
3, 83, 5360557
What are the prime factors of 7411034133?
3, 43, 19149959
List the prime factors of 773403994.
2, 11, 61, 71, 8117
What are the prime factors of 121559356?
2, 37, 317, 2591
What are the prime factors of 90760413?
3, 1033, 29287
List the prime factors of 124958986.
2, 62479493
List the prime factors of 131613107.
23, 29, 37, 5333
List the prime factors of 2808206881.
1627, 1726003
What are the prime factors of 345409213?
17, 20318189
List the prime factors of 1075679041.
1075679041
List the prime factors of 624888774.
2, 3, 107, 324449
What are the prime factors of 27802060?
2, 5, 11, 13, 9721
What are the prime factors of 57927947?
7, 11, 107473
What are the prime factors of 138698966?
2, 7, 9907069
List the prime factors of 43959399.
3, 11, 17, 127, 617
What are the prime factors of 260859982?
2, 6007, 21713
What are the prime factors of 710426020?
2, 5, 103, 199, 1733
List the prime factors of 206348410.
2, 5, 23, 479, 1873
What are the prime factors of 78088763?
113, 691051
What are the prime factors of 359869122?
2, 3, 73, 91291
What are the prime factors of 779678202?
2, 3, 131, 991957
List the prime factors of 27574453.
19, 67, 21661
What are the prime factors of 100764816?
2, 3, 79, 26573
List the prime factors of 325588699.
53, 311, 19753
What are the prime factors of 465403426?
2, 29, 1039, 7723
What are the prime factors of 223859383?
11, 17, 83, 14423
What are the prime factors of 187016235?
3, 5, 7, 17, 6163
List the prime factors of 839068336.
2, 23, 67, 34031
What are the prime factors of 1132004058?
2, 3, 17, 193, 57503
What are the prime factors of 49733655?
3, 5, 3315577
List the prime factors of 16018133.
16018133
List the prime factors of 5458726665.
3, 5, 7, 251, 1409
List the prime factors of 10576508.
2, 2644127
What are the prime factors of 26296545?
3, 5, 11, 197, 809
List the prime factors of 3482339359.
59, 4817, 12253
What are the prime factors of 146617343?
61, 71, 97, 349
What are the prime factors of 4923522005?
5, 984704401
What are the prime factors of 362032810?
2, 5, 29, 197, 6337
What are the prime factors of 6419117241?
3, 4073, 19457
List the prime factors of 99058390.
2, 5, 9905839
List the prime factors of 110953402.
2, 7, 31, 255653
List the prime factors of 254352652.
2, 37, 1718599
List the prime factors of 4200293.
199, 21107
What are the prime factors of 254365732?
2, 63591433
List the prime factors of 1958475232.
2, 7, 409, 21377
List the prime factors of 597156429.
3, 23, 29, 167, 1787
What are the prime factors of 375078856?
2, 46884857
What are the prime factors of 196988808?
2, 3, 19, 431993
What are the prime factors of 587636089?
379, 1201, 1291
List the prime factors of 1130931921.
3, 7, 53853901
List the prime factors of 84717764.
2, 167, 126823
What are the prime factors of 122384757?
3, 11, 19, 47, 4153
List the prime factors of 79149436.
2, 19787359
What are the prime factors of 694247162?
2, 7, 2207, 22469
List the prime factors of 231815610.
2, 3, 5, 13, 15241
What are the prime factors of 32742118?
2, 1559, 10501
List the prime factors of 40365275.
5, 71, 22741
List the prime factors of 1901639600.
2, 5, 7, 679157
What are the prime factors of 46825476?
2, 3, 337, 11579
List the prime factors of 896936579.
7, 11, 47, 22531
List the prime factors of 1703939058.
2, 3, 271, 116437
List the prime factors of 8426947.
23, 31, 53, 223
List the prime factors of 74740253.
7, 41, 260419
List the prime factors of 181636159.
229, 389, 2039
What are the prime factors of 93012985?
5, 13, 1430969
List the prime factors of 20908557.
3, 877, 883
List the prime factors of 53422152.
2, 3, 7, 45427
What are the prime factors of 48889156?
2, 103, 107, 1109
What are the prime factors of 278422255?
5, 83, 670897
What are the prime factors of 1454174979?
3, 484724993
List the prime factors of 57914237.
57914237
What are the prime factors of 1404066352?
2, 13, 163, 41413
What are the prime factors of 143518887?
3, 499, 31957
List the prime factors of 1302999495.
3, 5, 7, 12409519
List the prime factors of 131965312.
2, 29, 73, 487
What are the prime factors of 48423863?
1289, 37567
What are the prime factors of 5292170281?
66457, 79633
List the prime factors of 1777115580.
2, 3, 5, 179, 337, 491
What are the prime factors of 56458525?
5, 167, 13523
List the prime factors of 4178080585.
5, 7, 3167, 37693
List the prime factors of 3277717012.
2, 819429253
What are the prime factors of 1108278036?
2, 3, 29, 1061569
What are the prime factors of 1968165220?
2, 5, 7, 14058323
List the prime factors of 640352194.
2, 320176097
What are the prime factors of 555630484?
2, 31, 389, 11519
What are the prime factors of 39049652?
2, 37, 263849
What are the prime factors of 1926771468?
2, 3, 160564289
What are the prime factors of 239633648?
2, 14977103
List the prime factors of 44608741.
1499, 29759
What are the prime factors of 1235978112?
2, 3, 3218693
List the prime factors of 77552289.
3, 61, 47087
List the prime factors of 133923044.
2, 29, 1154509
List the prime factors of 90726239.
29, 233, 463
List the prime factors of 304591729.
13, 23430133
What are the prime factors of 221456358?
2, 3, 12303131
What are the prime factors of 346047582?
2, 3, 1409, 40933
What are the prime factors of 226703188?
2, 199, 284803
What are the prime factors of 264867049?
19, 13940371
List the prime factors of